ctor of 18111215?
False
Does 11 divide 576853327?
False
Is 1263 a factor of 262155858?
True
Is 2584905 a multiple of 64?
False
Does 16 divide 6070789?
False
Is 11 a factor of 1369247?
True
Does 479 divide 18368521?
False
Is 22 a factor of 679583576?
False
Is 79 a factor of 47671286?
True
Is 26278546 a multiple of 94?
True
Is 167 a factor of 806056923?
False
Does 16 divide 941934908?
False
Is 215 a factor of 88921875?
False
Does 178 divide 4391082?
True
Is 35802841 a multiple of 28?
False
Is 2052 a factor of 196570667?
False
Is 43862749 a multiple of 67?
False
Does 885 divide 24639285?
True
Does 1621 divide 1175213653?
True
Is 5594685921 a multiple of 139?
True
Is 1786 a factor of 24987926?
True
Is 126859824 a multiple of 189?
True
Does 8 divide 33788328?
True
Is 21 a factor of 331734837?
True
Does 498 divide 131124690?
False
Does 24 divide 240240?
True
Is 162 a factor of 5608440?
True
Does 3 divide 158296697?
False
Is 14 a factor of 970107096?
True
Is 195538272 a multiple of 1824?
True
Does 28 divide 9887416?
True
Is 76 a factor of 17792056?
True
Does 616 divide 79962614?
False
Is 216 a factor of 994589951?
False
Is 27 a factor of 13761061?
False
Does 434 divide 1518865?
False
Is 302510639 a multiple of 735?
False
Is 1296 a factor of 55892414?
False
Is 213173523 a multiple of 165?
False
Is 7 a factor of 926697922?
False
Does 124 divide 1317152170?
False
Is 15278068 a multiple of 1313?
True
Does 252 divide 941954288?
False
Does 798 divide 198616326?
False
Is 344280938 a multiple of 1486?
True
Is 35 a factor of 4174995?
False
Does 45 divide 10226495?
False
Is 1441952274 a multiple of 2558?
True
Is 23 a factor of 771076610?
True
Does 6 divide 4807776?
True
Is 77942280 a multiple of 60?
True
Does 852 divide 88557668?
False
Does 513 divide 511457922?
True
Does 24 divide 229465934?
False
Is 218 a factor of 4020792?
True
Is 42933226 a multiple of 7?
True
Is 418 a factor of 42304713?
False
Is 34 a factor of 909455?
False
Is 102578548 a multiple of 3506?
True
Is 4 a factor of 1107031963?
False
Is 12098130 a multiple of 366?
True
Is 238200703 a multiple of 14?
False
Is 12 a factor of 212570268?
True
Does 20 divide 1234568140?
True
Is 89 a factor of 1906041889?
True
Does 3 divide 42682452?
True
Is 1336 a factor of 188805694?
False
Does 1324 divide 28595752?
True
Is 97392618 a multiple of 8?
False
Is 2157529 a multiple of 477?
False
Is 313244335 a multiple of 489?
False
Is 2560366030 a multiple of 4844?
False
Is 14 a factor of 144688824?
True
Is 748699 a multiple of 11?
False
Is 9 a factor of 1777470696?
True
Is 1036731905 a multiple of 671?
True
Does 658 divide 10491198?
False
Is 52767424 a multiple of 10?
False
Is 6 a factor of 606260036?
False
Is 18545395 a multiple of 14?
False
Is 1368 a factor of 171536256?
True
Is 3375697601 a multiple of 23?
False
Is 50366124 a multiple of 243?
True
Is 368760833 a multiple of 353?
False
Is 9 a factor of 194388395?
False
Does 1034 divide 6457800?
False
Is 399079762 a multiple of 805?
False
Does 13 divide 279941064?
True
Is 194016600 a multiple of 100?
True
Is 783 a factor of 335425245?
False
Does 3 divide 14944493?
False
Is 6205567 a multiple of 21?
False
Is 64235970 a multiple of 18?
True
Is 13090042 a multiple of 374?
False
Is 39 a factor of 98809315?
False
Is 21758640 a multiple of 340?
True
Is 60388092 a multiple of 195?
False
Does 13 divide 112535956?
True
Does 235 divide 57725850?
False
Is 19 a factor of 1094197?
False
Is 496749679 a multiple of 18?
False
Is 30 a factor of 73748670?
True
Does 490 divide 59441823?
False
Does 4874 divide 1146350205?
False
Is 1644 a factor of 431097900?
True
Is 6 a factor of 101266217?
False
Does 1418 divide 15852907?
False
Is 8842 a factor of 4215467710?
True
Does 133 divide 53633871?
False
Is 955505 a multiple of 295?
True
Is 40432920 a multiple of 28?
False
Is 782 a factor of 497781998?
False
Is 254 a factor of 240996593?
False
Is 38 a factor of 109456689?
False
Does 55 divide 14550103?
False
Does 7 divide 273456372?
True
Does 37 divide 35900126?
False
Is 3 a factor of 98858742?
True
Is 811354770 a multiple of 30?
True
Does 1598 divide 134679440?
True
Is 205 a factor of 88850399?
False
Is 9 a factor of 309953160?
True
Is 146 a factor of 63563144?
True
Is 13 a factor of 51779650?
True
Does 15 divide 65117685?
True
Does 10556 divide 2119033168?
False
Is 128 a factor of 124978583?
False
Is 61695132 a multiple of 148?
True
Does 5 divide 13439630?
True
Is 425 a factor of 320376475?
True
Is 96 a factor of 526104768?
True
Does 106 divide 124099712?
True
Is 2 a factor of 1575429?
False
Is 1348853 a multiple of 11?
True
Is 15 a factor of 56187855?
True
Does 4667 divide 292985972?
False
Does 10 divide 764947780?
True
Is 11615565 a multiple of 5?
True
Is 225131720 a multiple of 314?
True
Does 46 divide 214058742?
False
Is 177 a factor of 373473186?
True
Is 506164721 a multiple of 49?
False
Is 26863585 a multiple of 2?
False
Is 12344871 a multiple of 265?
False
Is 230946408 a multiple of 3234?
True
Does 57 divide 65616177?
True
Is 42 a factor of 221516946?
True
Is 1733990 a multiple of 52?
False
Is 33 a factor of 131574341?
False
Is 33092722 a multiple of 45?
False
Does 66 divide 1987266437?
False
Is 677025120 a multiple of 124?
True
Does 60 divide 102966820?
False
Is 1285 a factor of 407201820?
False
Is 19 a factor of 87066069?
False
Does 526 divide 976667987?
False
Is 67403890 a multiple of 573?
False
Is 1066 a factor of 3492954?
False
Is 23970370 a multiple of 105?
False
Is 16338590 a multiple of 11?
False
Is 553763356 a multiple of 7110?
False
Is 99861400 a multiple of 92?
True
Is 4541 a factor of 3116029659?
True
Is 276350668 a multiple of 209?
True
Does 4518 divide 143744688?
True
Is 28154992 a multiple of 1697?
False
Is 7197 a factor of 3460008?
False
Is 132 a factor of 177916666?
False
Is 525496745 a multiple of 335?
True
Is 66488980 a multiple of 38?
True
Is 1804666689 a multiple of 121?
False
Is 61 a factor of 89325842?
False
Does 195 divide 1149195?
False
Does 728 divide 132075031?
False
Does 14 divide 2855354152?
True
Does 99 divide 626935838?
False
Is 2168202870 a multiple of 8010?
True
Is 166444179 a multiple of 97?
False
Is 9588123 a multiple of 5?
False
Does 89 divide 58387067?
False
Does 42 divide 12924072?
True
Does 58 divide 2530240996?
False
Is 230 a factor of 224434?
False
Is 54250485 a multiple of 11?
False
Does 385 divide 356857946?
False
Is 40141750 a multiple of 22?
True
Is 24215850 a multiple of 10?
True
Is 1405 a factor of 76519639?
False
Is 6 a factor of 26095300?
False
Is 334742455 a multiple of 154?
False
Is 554022369 a multiple of 8?
False
Is 268 a factor of 23703279?
False
Is 96012421 a multiple of 460?
False
Does 13 divide 47069132?
False
Is 27724990 a multiple of 7?
False
Is 150 a factor of 2374911273?
False
Is 10495044 a multiple of 9?
True
Is 451330887 a multiple of 161?
False
Is 721594144 a multiple of 9038?
False
Is 209823029 a multiple of 22?
False
Is 260 a factor of 4291129?
False
Is 211846237 a multiple of 851?
False
Does 244 divide 611977376?
True
Does 66 divide 13082916?
True
Is 1474032492 a multiple of 2999?
True
Is 98 a factor of 1250671808?
False
Is 750 a factor of 28719750?
True
Is 32357738 a multiple of 135?
False
Is 220457293 a multiple of 81?
False
Is 9983999 a multiple of 2?
False
Does 729 divide 31164021?
True
Is 910706337 a multiple of 289?
True
Is 756378198 a multiple of 18?
True
Is 27 a factor of 104577507?
True
Does 3786 divide 1041802367?
False
Is 121495465 a multiple of 120?
False
Does 4 divide 34294202?
False
Is 4089 a factor of 1076936286?
True
Does 854 divide 97605951?
False
Is 203351770 a multiple of 97?
True
Is 44 a factor of 6980424?
True
Does 3214 divide 291161002?
False
Does 40 divide 72805840?
True
Is 2337 a factor of 123657774?
False
Is 13 a factor of 4513427?
False
Is 1829088381 a multiple of 1158?
False
Is 95 a factor of 2428865?
True
Is 93 a factor of 1689929807?
False
Is 69359574 a multiple of 177?
True
Is 71191392 a multiple of 32?
True
Is 31 a factor of 42578900?
False
Is 2212468 a multiple of 200?
False
Is 15255053 a multiple of 1232?
False
Does 866 divide 1686950108?
False
Does 55 divide 59766245?
True
Is 46834365 a multiple of 20?
False
Does 38 divide 80261516?
False
Is 95753053 a multiple of 6?
False
Is 325